8, 4*j - 212 = -3*c - t. Calculate the highest common divisor of 14 and j.
14
Let d = -50 + 58. Suppose -7*l = -d*l - 10. Let y = l - -16. What is the greatest common divisor of y and 30?
6
Let s be 546/(-9)*3618/(-268). Calculate the greatest common factor of 28 and s.
7
Let x be ((-1)/(-3))/(1/24). Suppose -3*a + 2 = 38. Let l be (-5)/(20/a) + (0 - 2). What is the highest common factor of x and l?
1
Let f = -24686 + 24697. Calculate the greatest common divisor of 5588 and f.
11
Let o = -244 - -651. Let h = o - 69. What is the greatest common factor of h and 26?
26
Let n(d) = 124*d**2 + 866*d + 12. Let r be n(-8). Calculate the greatest common factor of r and 24.
12
Suppose 2*k = 14*k - 660. Let p = k - 16. Calculate the highest common divisor of 3 and p.
3
Let w(v) = -44*v**3 + 4*v**2 - 10*v - 10. Let h be w(-1). What is the greatest common divisor of 3888 and h?
48
Let h be 9/3*((-30)/9)/(-1). Let k be 100/(-75)*(-21)/2. Suppose k*v - 177 = 2063. What is the greatest common factor of h and v?
10
Let v be (-2 - -12)/((-8)/(-12)). Let n be 4*1 + (-11 - -9) - 0. Suppose 0 = n*h + 10*h - 3060. Calculate the highest common divisor of h and v.
15
Let b(u) = -u**3 - 19*u**2 + 25*u + 46. Let d be b(-20). Let z be (58 + 3)*(1 + 0). Let n = d + z. Calculate the greatest common divisor of 84 and n.
7
Let j = 282 - 265. Suppose j*w - 443 - 271 = 0. What is the highest common divisor of 546 and w?
42
Suppose 4*l - 5996 + 5736 = 0. What is the greatest common factor of l and 4?
1
Let d(j) be the second derivative of 7*j**4/12 + 7*j**3/6 - 8*j**2 - 104*j. Let c be d(-5). What is the greatest common divisor of 31 and c?
31
Let w be -2 - (-2)/(-3 - -5). Let n be 472/(w - -5) + 2. Let a = 685 - 670. Calculate the highest common divisor of n and a.
15
Let d(l) = 37*l + 2. Let o be d(2). Let y = 73879 - 73499. Calculate the highest common divisor of y and o.
76
Suppose -5*f + 168 = 1428. Let t = -117 - f. Calculate the highest common factor of t and 30.
15
Let p be (-2)/61 + (-11010)/(-915). Calculate the greatest common factor of p and 14676.
12
Let w = 161 - 139. Let g be 1/1 - (2 + 324/6). Let x = -33 - g. Calculate the greatest common divisor of w and x.
22
Let b = -1889 - -1985. Suppose 4*n + 2 = -6, -f - 3*n = -138. What is the highest common factor of b and f?
48
Suppose 5 = -3*a + 4*a. Let c(i) = 16*i**3 - i**2 - i + 1. Let h be c(1). Let y = 0 + h. Calculate the greatest common factor of y and a.
5
Let s = -6601 - -6625. Calculate the greatest common factor of s and 3684.
12
Let q be -2 - 1/(2/(-174)). Suppose 26*w = 8*w + 5724. Let h = 335 - w. What is the greatest common divisor of q and h?
17
Suppose 3*h + 2*h = 5, -415 = -2*i + 3*h. Let g = 227 - i. What is the greatest common factor of 6 and g?
6
Let l = -24521 - -26591. Calculate the greatest common divisor of 600 and l.
30
Suppose -57*u = -62*u + 3*c + 417, 0 = 4*c + 16. Calculate the greatest common factor of u and 2331.
9
Let v = 45 - 9. Let s(k) = -3 + 8*k - 15 - v*k + 18*k. Let w be s(-9). What is the greatest common divisor of w and 36?
36
Suppose b = -h + 738, 1669 + 1287 = 4*b + 2*h. Calculate the highest common factor of b and 20.
20
Let h be (-1610)/(-15)*(46/28 + 24/(-168)). Calculate the greatest common divisor of 21 and h.
7
Let t(z) = -z**3 + 12*z**2 + 4*z + 21. Let x be t(11). Suppose 74*r - x = 71*r. Calculate the highest common factor of 248 and r.
62
Let h(o) = 53*o - 15. Let w(d) = 27*d - 8. Let l(x) = -6*h(x) + 11*w(x). Let r be l(2). Let t be (-20)/3*72/r. What is the highest common factor of t and 12?
12
Suppose 10637*x - 10633*x - 368 = 0. Calculate the highest common divisor of 506 and x.
46
Suppose -623 = s - 615. Let k(b) = -15*b - 27. Let z be k(s). Calculate the greatest common divisor of 155 and z.
31
Let t(c) = 9*c**3 + 6*c**2 + 5*c + 6. Let x be t(-4). Let o = 272 + x. Let k = o + 393. What is the greatest common factor of 19 and k?
19
Let x = -27092 - -38425. What is the greatest common factor of 7 and x?
7
Let d(h) = 54*h - 39. Let u be d(6). Let y = -173 + u. What is the greatest common divisor of y and 16?
16
Let c(a) = 89*a**2 + a. Let g be c(1). Suppose 3*m + g = 4*m. Suppose -166*j + 71*j = -1710. Calculate the highest common divisor of m and j.
18
Suppose -137*i + 220459 = 180381 - 313382. Calculate the highest common factor of i and 48.
12
Suppose -72 = -3*x - 5*x. Suppose 8*u - x*u = -4. Let n be 3/6*u + 7. Calculate the greatest common factor of 9 and n.
9
Let v be (-2 - -1)/((-42)/2142*1/82). What is the greatest common divisor of v and 102?
102
Suppose 4*r - 244 = -4*c, -4*c + 8*c - r = 279. What is the greatest common factor of 7208 and c?
68
Suppose 5*w - 140 + 0 = 0. Let n = 148 - 275. Let h = 197 + n. Calculate the greatest common divisor of w and h.
14
Let k be 8 + -1 + 69/(18 - -5). Calculate the highest common divisor of 605 and k.
5
Let k be ((-4)/12)/(10/60). Let w be k/14 - ((-1380)/(-140) + -18). Let l = -167 + 255. What is the greatest common divisor of l and w?
8
Suppose 23386*r = 23399*r - 1131. What is the highest common factor of 12963 and r?
87
Let w = 124 + -50. Suppose 0 = 12*a - 16*a + 44. Let g = w - a. Calculate the highest common divisor of g and 21.
21
Let l be -10*(-6)/(-12) - 30/(-3). Suppose -3518 - 1117 = -l*b. Calculate the highest common factor of b and 9.
9
Let b be 260/6 + 4/6. Suppose -3*y + 792 = -1158 + 234. What is the greatest common divisor of b and y?
44
Let h be 1659/9 - 2/(-3). Let w be 35/70 - 71/2*5. Let o = w + 214. Calculate the greatest common factor of o and h.
37
Let a be (2/(-20))/((-81)/810) + 1 + 5459. What is the highest common factor of a and 43?
43
Suppose -5*z - 3*o + 28 = 0, -4*z + 0*z + o = -36. Let a = z + 27. Calculate the greatest common divisor of 70 and a.
35
Suppose 17*q = 16985 + 58036. Calculate the greatest common divisor of 6 and q.
3
Let s be (-18)/(-16)*(-4 + 12). Suppose i = s*i - 312. Calculate the greatest common factor of i and 221.
13
Suppose 5*m + 52 = b, -7*m + 197 = 5*b - 11*m. Suppose -b = -2*p - 3*o, 5*p - 14 - 31 = 2*o. What is the greatest common factor of p and 209?
11
Let d(c) = -6980*c + 196. Let b be d(-1). What is the greatest common factor of b and 13?
13
Let b = -269 + 262. Let s be 55/4 - (b/(-4) - 2). Calculate the greatest common factor of s and 406.
14
Let h = -64 - -67. Suppose p = -q + 96, -381 = -4*q - 2*p - h*p. Let w = q + -90. Calculate the highest common divisor of 99 and w.
9
Suppose -5*q + x - 73 = 0, -14*q + 15*q - 5*x = -29. Let k be (-2 - -1)*(q - -1). What is the greatest common factor of 299 and k?
13
Let y = 962 - 476. Suppose 5*x - c = 272, -4*c = 2*x - 44 - 56. What is the highest common divisor of x and y?
54
Suppose 0 = 8*x - 16 - 24. Suppose 0 = -x*y + 43 + 12. What is the highest common divisor of 88 and y?
11
Let z(b) = -2*b**3 + b**2 - 2*b + 3. Suppose -38*k + 15 = -35*k. Suppose k*x + 1 = -14. Let p be z(x). What is the highest common factor of 9 and p?
9
Let f be 5/15 - 1078/(-6). Calculate the highest common factor of 1560 and f.
60
Let r(a) = 4*a**3 - 87*a**2 + 162*a - 88. Let i be r(20). What is the greatest common divisor of 2552 and i?
88
Suppose -43 = -10*t + 7. Suppose q = t*u + 10, -7*u = 2*q - 6*u - 20. Calculate the highest common factor of 16 and q.
2
Let c(w) = 993*w - 4932. Let k be c(5). What is the highest common divisor of k and 31350?
33
Let y = 30253 - 30204. What is the greatest common divisor of y and 38465?
49
Let c(j) = -389*j**3 - j**2 + 7*j + 8. Let n be c(-1). Let p = -344 + n. What is the highest common factor of 240 and p?
15
Suppose -4*t = -5*v + 20, -2*t = 3*v - 5*t - 12. Let c(f) = f**2 - 17*f - 136. Let k be c(25). What is the greatest common divisor of k and v?
4
Suppose 821 - 309 = 4*p. Let g = 148 - p. Calculate the greatest common factor of 20 and g.
20
Let a be 2/7 - (-306)/7. Let w(h) = 10662*h - 63917. Let n be w(6). Calculate the highest common divisor of n and a.
11
Suppose -1752*c = -1707*c - 6435. Calculate the highest common divisor of 737 and c.
11
Suppose -28*s = 1591 - 3999. Calculate the highest common factor of 215 and s.
43
Suppose -1046*w + 812 = -1032*w. Let q(b) = 18*b - 3. Let x be q(5). What is the highest common factor of w and x?
29
Let y(p) = -p**3 - 7*p**2 - 2*p + 6. Let q be